{"id":402,"date":"2020-04-24T12:25:51","date_gmt":"2020-04-24T10:25:51","guid":{"rendered":"http:\/\/pphu-mgrot.pl\/?page_id=402"},"modified":"2020-04-28T20:18:38","modified_gmt":"2020-04-28T18:18:38","slug":"stojak-at-40-i-inne","status":"publish","type":"page","link":"http:\/\/pphu-mgrot.pl\/index.php\/stojak-at-40-i-inne\/","title":{"rendered":"Stojak AT-40 i inne"},"content":{"rendered":"<div data-colibri-id=\"402-c1\" class=\"style-1205 style-local-402-c1 position-relative\">\n  <!---->\n  <div data-colibri-component=\"section\" data-colibri-id=\"402-c2\" id=\"initial-content\" class=\"h-section h-section-global-spacing d-flex align-items-lg-center align-items-md-center align-items-center style-1206 style-local-402-c2 position-relative\">\n    <!---->\n    <!---->\n    <div class=\"h-section-grid-container h-section-boxed-container\">\n      <!---->\n      <div data-colibri-id=\"402-c3\" class=\"h-row-container gutters-row-lg-2 gutters-row-md-2 gutters-row-0 gutters-row-v-lg-2 gutters-row-v-md-2 gutters-row-v-2 style-1210 style-local-402-c3 position-relative\">\n        <!---->\n        <div class=\"h-row justify-content-lg-center justify-content-md-center justify-content-center align-items-lg-stretch align-items-md-stretch align-items-stretch gutters-col-lg-2 gutters-col-md-2 gutters-col-0 gutters-col-v-lg-2 gutters-col-v-md-2 gutters-col-v-2\">\n          <!---->\n          <div class=\"h-column h-column-container d-flex h-col-lg-auto h-col-md-auto h-col-auto style-1211-outer style-local-402-c4-outer\">\n            <div data-colibri-id=\"402-c4\" class=\"d-flex h-flex-basis h-column__inner h-px-lg-2 h-px-md-2 h-px-2 v-inner-lg-2 v-inner-md-2 v-inner-2 style-1211 style-local-402-c4 position-relative\">\n              <!---->\n              <!---->\n              <div class=\"w-100 h-y-container h-column__content h-column__v-align flex-basis-100 align-self-lg-start align-self-md-start align-self-start\">\n                <!---->\n                <div data-colibri-id=\"402-c5\" class=\"h-text h-text-component style-1212 style-local-402-c5 position-relative h-element\">\n                  <!---->\n                  <!---->\n                  <div class=\"\">\n                    <p><span style=\"color: rgb(70, 112, 127);\">Stojaki, kt\u00f3re wykonujemy, s\u0105 przeznaczone do zasilania urz\u0105dze\u0144 srk (stojaki kablowe) jak i zabudowy przeka\u017anik\u00f3w oraz innych element\u00f3w wtykowych (AT-40 i inne).<\/span><\/p>\n                  <\/div>\n                <\/div>\n              <\/div>\n            <\/div>\n          <\/div>\n        <\/div>\n      <\/div>\n      <div data-colibri-id=\"402-c6\" class=\"h-row-container gutters-row-lg-2 gutters-row-md-2 gutters-row-0 gutters-row-v-lg-2 gutters-row-v-md-2 gutters-row-v-2 style-1213 style-local-402-c6 position-relative\">\n        <!---->\n        <div class=\"h-row justify-content-lg-center justify-content-md-center justify-content-center align-items-lg-stretch align-items-md-stretch align-items-stretch gutters-col-lg-2 gutters-col-md-2 gutters-col-0 gutters-col-v-lg-2 gutters-col-v-md-2 gutters-col-v-2\">\n          <!---->\n          <div class=\"h-column h-column-container d-flex h-col-lg-auto h-col-md-auto h-col-auto style-1214-outer style-local-402-c7-outer\">\n            <div data-colibri-id=\"402-c7\" class=\"d-flex h-flex-basis h-column__inner h-px-lg-2 h-px-md-2 h-px-2 v-inner-lg-2 v-inner-md-2 v-inner-2 style-1214 style-local-402-c7 position-relative\">\n              <!---->\n              <!---->\n              <div class=\"w-100 h-y-container h-column__content h-column__v-align flex-basis-100 align-self-lg-start align-self-md-start align-self-start\">\n                <!---->\n                <div data-colibri-id=\"402-c8\" class=\"d-block style-1215 style-local-402-c8 position-relative h-element\">\n                  <!---->\n                  <div class=\"h-image__frame-container-outer\">\n                    <div class=\"h-image__frame-container\">\n                      <!---->\n                      <!---->\n                      <img loading=\"lazy\" decoding=\"async\" width=\"1753\" height=\"1240\" src=\"http:\/\/pphu-mgrot.pl\/wp-content\/uploads\/2020\/04\/cropped-Stojaki.jpg\" class=\"wp-image-1259 style-1215-image style-local-402-c8-image\" alt=\"\" srcset=\"http:\/\/pphu-mgrot.pl\/wp-content\/uploads\/2020\/04\/cropped-Stojaki.jpg 1753w, http:\/\/pphu-mgrot.pl\/wp-content\/uploads\/2020\/04\/cropped-Stojaki-300x212.jpg 300w, http:\/\/pphu-mgrot.pl\/wp-content\/uploads\/2020\/04\/cropped-Stojaki-1024x724.jpg 1024w, http:\/\/pphu-mgrot.pl\/wp-content\/uploads\/2020\/04\/cropped-Stojaki-768x543.jpg 768w, http:\/\/pphu-mgrot.pl\/wp-content\/uploads\/2020\/04\/cropped-Stojaki-1536x1087.jpg 1536w\" sizes=\"auto, (max-width: 1753px) 100vw, 1753px\" \/>\n                      <div class=\"h-image__frame h-hide-lg h-hide-md h-hide-sm style-1215-frameImage style-local-402-c8-frameImage\"><\/div>\n                    <\/div>\n                  <\/div>\n                <\/div>\n              <\/div>\n            <\/div>\n          <\/div>\n        <\/div>\n      <\/div>\n      <div data-colibri-id=\"402-c9\" class=\"h-row-container gutters-row-lg-2 gutters-row-md-2 gutters-row-0 gutters-row-v-lg-2 gutters-row-v-md-2 gutters-row-v-2 style-1216 style-local-402-c9 position-relative\">\n        <!---->\n        <div class=\"h-row justify-content-lg-center justify-content-md-center justify-content-center align-items-lg-stretch align-items-md-stretch align-items-stretch gutters-col-lg-2 gutters-col-md-2 gutters-col-0 gutters-col-v-lg-2 gutters-col-v-md-2 gutters-col-v-2\">\n          <!---->\n          <div class=\"h-column h-column-container d-flex h-col-lg-auto h-col-md-auto h-col-auto style-1217-outer style-local-402-c10-outer\">\n            <div data-colibri-id=\"402-c10\" class=\"d-flex h-flex-basis h-column__inner h-px-lg-2 h-px-md-2 h-px-2 v-inner-lg-2 v-inner-md-2 v-inner-2 style-1217 style-local-402-c10 position-relative\">\n              <!---->\n              <!---->\n              <div class=\"w-100 h-y-container h-column__content h-column__v-align flex-basis-100 align-self-lg-start align-self-md-start align-self-start\">\n                <!---->\n                <div data-colibri-id=\"402-c11\" class=\"h-text h-text-component style-1218 style-local-402-c11 position-relative h-element\">\n                  <!---->\n                  <!---->\n                  <div class=\"\">\n                    <p><span style=\"color: rgb(70, 112, 127);\">Stojak <\/span><strong style=\"color: rgb(70, 112, 127);\">AT-40<\/strong><span style=\"color: rgb(70, 112, 127);\"> przeznaczony jest do zabudowy przeka\u017anik\u00f3w oraz innych element\u00f3w wtykowych; jest to stojak jednostronny co oznacza, \u017ce urz\u0105dzenia umieszczone s\u0105 z jednej strony, natomiast wszelkie pod\u0142\u0105czenia i okablowanie z regu\u0142y poprowadzone jest z drugiej strony.Stojak tego typu wyposa\u017cony jest w ramki i poprzeczki oraz drabink\u0119 kablow\u0105, dzi\u0119ki czemu przystosowany jest do monta\u017cu p\u0142yt typu JAZ-1001, p\u0142yt bezpiecznikowych i zaciskowych, a tak\u017ce innych urz\u0105dze\u0144 r\u00f3\u017cnego rodzaju. Podzielony jest on na 8 poziomych rz\u0119d\u00f3w, z kt\u00f3rych ka\u017cdy zawiera 6 p\u00f3l przeka\u017anikowych o wymiarach 275x125mm.*<\/span><\/p>\n                    <p><span style=\"color: rgb(70, 112, 127);\">* \u017ar\u00f3d\u0142o \u2013 \u201eElektryczne urz\u0105dzenia zabezpieczenia ruchu kolejowego. Urz\u0105dzenia Stacyjne\u201d.<\/span><\/p>\n                  <\/div>\n                <\/div>\n                <div data-colibri-id=\"402-c12\" class=\"d-block style-1219 style-local-402-c12 position-relative h-element\">\n                  <!---->\n                  <div class=\"h-image__frame-container-outer\">\n                    <div class=\"h-image__frame-container\">\n                      <!---->\n                      <!---->\n                      <img loading=\"lazy\" decoding=\"async\" width=\"438\" height=\"310\" src=\"http:\/\/pphu-mgrot.pl\/wp-content\/uploads\/2020\/04\/cropped-stojak_at-40.jpg\" class=\"wp-image-1261 style-1219-image style-local-402-c12-image\" alt=\"\" srcset=\"http:\/\/pphu-mgrot.pl\/wp-content\/uploads\/2020\/04\/cropped-stojak_at-40.jpg 438w, http:\/\/pphu-mgrot.pl\/wp-content\/uploads\/2020\/04\/cropped-stojak_at-40-300x212.jpg 300w\" sizes=\"auto, (max-width: 438px) 100vw, 438px\" \/>\n                      <div class=\"h-image__frame h-hide-lg h-hide-md h-hide-sm style-1219-frameImage style-local-402-c12-frameImage\"><\/div>\n                    <\/div>\n                  <\/div>\n                <\/div>\n              <\/div>\n            <\/div>\n          <\/div>\n        <\/div>\n      <\/div>\n    <\/div>\n  <\/div>\n<\/div>","protected":false},"excerpt":{"rendered":"<p>Stojaki, kt\u00f3re wykonujemy, s\u0105 przeznaczone do zasilania urz\u0105dze\u0144 srk (stojaki kablowe) jak i zabudowy przeka\u017anik\u00f3w oraz innych element\u00f3w wtykowych (AT-40 i inne). Stojak AT-40 przeznaczony jest do zabudowy przeka\u017anik\u00f3w oraz innych element\u00f3w wtykowych; jest to stojak jednostronny co oznacza, \u017ce urz\u0105dzenia umieszczone s\u0105 z jednej strony, natomiast wszelkie pod\u0142\u0105czenia i okablowanie z regu\u0142y poprowadzone jest [&hellip;]<\/p>\n","protected":false},"author":1,"featured_media":0,"parent":0,"menu_order":0,"comment_status":"closed","ping_status":"closed","template":"page-templates\/full-width-page.php","meta":{"footnotes":""},"class_list":["post-402","page","type-page","status-publish","hentry"],"_links":{"self":[{"href":"http:\/\/pphu-mgrot.pl\/index.php\/wp-json\/wp\/v2\/pages\/402","targetHints":{"allow":["GET"]}}],"collection":[{"href":"http:\/\/pphu-mgrot.pl\/index.php\/wp-json\/wp\/v2\/pages"}],"about":[{"href":"http:\/\/pphu-mgrot.pl\/index.php\/wp-json\/wp\/v2\/types\/page"}],"author":[{"embeddable":true,"href":"http:\/\/pphu-mgrot.pl\/index.php\/wp-json\/wp\/v2\/users\/1"}],"replies":[{"embeddable":true,"href":"http:\/\/pphu-mgrot.pl\/index.php\/wp-json\/wp\/v2\/comments?post=402"}],"version-history":[{"count":5,"href":"http:\/\/pphu-mgrot.pl\/index.php\/wp-json\/wp\/v2\/pages\/402\/revisions"}],"predecessor-version":[{"id":1371,"href":"http:\/\/pphu-mgrot.pl\/index.php\/wp-json\/wp\/v2\/pages\/402\/revisions\/1371"}],"wp:attachment":[{"href":"http:\/\/pphu-mgrot.pl\/index.php\/wp-json\/wp\/v2\/media?parent=402"}],"curies":[{"name":"wp","href":"https:\/\/api.w.org\/{rel}","templated":true}]}}